
True
Is 779693 a prime number?
True
Is 59699795 composite?
True
Is 4578557 prime?
False
Is 114721777 a composite number?
True
Is 214162331 a composite number?
False
Is 84520669 prime?
True
Is 763919 composite?
True
Is 11915779 prime?
True
Is 294127 composite?
False
Is 2651131 prime?
False
Is 27854573 prime?
False
Is 15031967 prime?
True
Is 45967501 a prime number?
False
Is 78386197 a prime number?
False
Is 130831341 a composite number?
True
Is 87333245 composite?
True
Is 39887153 prime?
False
Is 763183 composite?
False
Is 11022217 a composite number?
False
Is 2399821 prime?
True
Is 27280417 a prime number?
False
Is 436231 a prime number?
True
Is 365577757 composite?
False
Is 100116013 a prime number?
True
Is 200334331 a prime number?
False
Is 11132362 composite?
True
Is 16512365 a composite number?
True
Is 41996447 prime?
True
Is 840341 composite?
False
Is 5275373 a composite number?
False
Is 48811327 a prime number?
True
Is 2651527 a prime number?
False
Is 10480259 a prime number?
True
Is 49160161 composite?
True
Is 23115097 composite?
False
Is 40026827 a composite number?
True
Is 986411 prime?
True
Is 6417221 a composite number?
True
Is 26035021 a composite number?
False
Is 20461049 a composite number?
True
Is 5140801 prime?
False
Is 22463431 a prime number?
False
Is 106449379 a prime number?
True
Is 25994093 composite?
True
Is 6423011 a composite number?
True
Is 105041434 a composite number?
True
Is 5518601 a prime number?
False
Is 21577133 a composite number?
False
Is 9700063 a composite number?
False
Is 3592553 a prime number?
True
Is 96832031 a prime number?
True
Is 77446979 a composite number?
False
Is 126386105 composite?
True
Is 102187717 a prime number?
False
Is 153789926 composite?
True
Is 540408857 a prime number?
True
Is 13665343 a prime number?
True
Is 42565613 composite?
False
Is 1830607 a composite number?
True
Is 39525709 composite?
False
Is 105221527 a prime number?
False
Is 139143307 prime?
False
Is 4586195 a prime number?
False
Is 2896909 composite?
True
Is 2348947 a composite number?
False
Is 31933747 prime?
True
Is 11372299 composite?
False
Is 3218911 a prime number?
True
Is 3313867 a prime number?
True
Is 7780453 composite?
True
Is 1046443 composite?
True
Is 2845259 a prime number?
False
Is 443837 a composite number?
False
Is 57638057 a composite number?
True
Is 2400886 a composite number?
True
Is 4477181 a prime number?
True
Is 80134933 a composite number?
True
Is 9368687 prime?
True
Is 9466597 a prime number?
False
Is 26348057 composite?
True
Is 276705971 a prime number?
True
Is 72504137 a prime number?
True
Is 710177 a composite number?
True
Is 6851963 a composite number?
False
Is 5147035 a prime number?
False
Is 40423 a prime number?
True
Is 57070501 composite?
True
Is 132921177 composite?
True
Is 6243253 a composite number?
True
Is 36953143 composite?
False
Is 3206653 composite?
False
Is 55484449 a composite number?
False
Is 63715529 composite?
True
Is 16884353 composite?
False
Is 60872323 a composite number?
False
Is 30099161 prime?
True
Is 121644443 a composite number?
True
Is 10049089 prime?
False
Is 246675329 a composite number?
True
Is 2255063 a composite number?
False
Is 2366833 a prime number?
False
Is 24094001 a composite number?
False
Is 3946697 composite?
True
Is 70881 composite?
True
Is 582157 a prime number?
True
Is 148652291 a composite number?
True
Is 7304527 prime?
True
Is 58239031 composite?
False
Is 1386943 a composite number?
True
Is 10638937 a prime number?
False
Is 72015259 prime?
True
Is 218253809 prime?
True
Is 2807389 a prime number?
False
Is 26062691 a prime number?
True
Is 4023463 a composite number?
True
Is 5136239 a prime number?
True
Is 51520627 composite?
False
Is 10170971 prime?
False
Is 175463861 composite?
False
Is 10285007 composite?
True
Is 462840263 prime?
True
Is 53982893 prime?
True
Is 176915351 a composite number?
True
Is 830191 a prime number?
True
Is 2568259 prime?
True
Is 14850679 a prime number?
True
Is 705293 prime?
True
Is 7329653 a prime number?
True
Is 74285591 composite?
False
Is 1868459 prime?
True
Is 9000193 composite?
False
Is 24136337 a prime number?
True
Is 6543443 a prime number?
True
Is 4477783 a prime number?
False
Is 3364267 a composite number?
False
Is 217316147 a composite number?
False
Is 12712661 prime?
False
Is 112643171 composite?
False
Is 29859469 prime?
False
Is 229633301 a composite number?
False
Is 180333233 composite?
False
Is 54332183 prime?
True
Is 13905449 composite?
True
Is 42620563 prime?
False
Is 75060365 a composite number?
True
Is 2280491 prime?
False
Is 427501663 prime?
False
Is 42319699 a composite number?
True
Is 629277393 composite?
True
Is 195137611 a prime number?
False
Is 77250661 a prime number?
False
Is 34885237 composite?
False
Is 300505861 a composite number?
False
Is 6911803 a prime number?
False
Is 271769 a prime number?
True
Is 11370907 composite?
True
Is 6151597 prime?
True
Is 249017 composite?
False
Is 10025459 a composite number?
False
Is 2695307 a composite number?
True
Is 1924861 a prime number?
True
Is 11655779 composite?
True
Is 27952807 a composite number?
True
Is 107858711 a composite number?
True
Is 538621 prime?
True
Is 37960649 a composite number?
True
Is 30922601 composite?
False
Is 28545113 composite?
False
Is 3071741 prime?
True
Is 5916649 a composite number?
False
Is 865063 composite?
True
Is 2090183 prime?
False
Is 15728681 a prime number?
True
Is 3811397 composite?
True
Is 318006805 a prime number?
False
Is 327449321 a composite number?
True
Is 225660989 composite?
False
Is 79485727 prime?
False
Is 1266697 a composite number?
True
Is 2190737 a prime number?
True
Is 12348257 a prime number?
False
Is 155863571 a prime number?
False
Is 6172097 composite?
False
Is 68416367 prime?
False
Is 314849633 a composite number?
True
Is 5988887 a composite number?
True
Is 148191859 a prime number?
False
Is 18284005 a composite number?
True
Is 16522213 prime?
True
Is 162260303 composite?
True
Is 2382251 a composite number?
False
Is 897193 a prime number?
False
Is 16268177 a prime number?
False
Is 33030299 composite?
False
Is 11835367 a prime number?
False
Is 21952781 a prime number?
True
Is 136223897 a prime number?
False
Is 7030033 a prime number?
True
Is 12228707 a prime number?
True
Is 54137183 composite?
False
Is 17016313 prime?
True
Is 6838343 a composite number?
False
Is 236709167 a composite number?
False
Is 63275077 prime?
True
Is 41439581 a composite number?
True
Is 206044999 prime?
True
Is 22517149 prime?
False
Is 980677 composite?
False
Is 13021193 prime?
False
Is 5774579 a prime number?
False
Is 5259533 composite?
False
Is 12057631 prime?
False
Is 17986261 a composite number?
True
Is 10595113 composite?
True
Is 3077227 prime?
False
Is 10865089 prime?
False
Is 24039421 a prime number?
False
Is 1604649 a composite number?
True
Is 58349047 a composite number?
False
Is 90838509 composite?
True
Is 57279251 prime?
True
Is 505811 a prime number?
True
Is 7238741 a prime number?
False
Is 35999785 a prime number?
False
Is 12211789 prime?
True
Is 26836487 composite?
True
Is 3459147 prime?
False
Is 141080281 composite?
True
Is 16720943 prime?
True
Is 4416857 a composite number?
False
Is 67994939 a prime number?
False
Is 23884697 a prime number?
False
Is 1099031 a composite number?
False
Is 147827 a prime number?
True
Is 12992519 prime?
True
Is 294551513 a composite number?
False
Is 41323867 composite?
True
Is 1467673 a prime number?
True
Is 672004367 a composite number?
False
Is 6190169 composite?
False
Is 3064291 composite?
False
Is 129818329 a composite number?
True
Is 1133081 prime?
False
Is 3145487 composite?
False
Is 15885833 a composite number?
True
Is 1656893 a prime number?
False
Is 3274753 a composite number?
False
Is 835363 a prime number?
False
Is 16006741 prime?
False
Is 13922807 a composite number?
False
Is 152252899 a composite number?
False
Is 1079189 a prime number?
True
Is 2320343 a composite number?
True
Is 429570631 a composite number?
True
Is 1035971 composite?
True
Is 2154689 a composite number?
True
Is 329327801 a composite number?
True
Is 593329 prime?
False
Is 4415431 prime?
True
Is 37273673 prime?
False
Is 2550403 prime?
True
Is 8264023 a composite number?
True
Is 630391 a prime number?
True
Is 2